t?
8
Suppose 51 = 5*c - 29. Let o(f) = -129*f**3 + f. Suppose 5*a + 3*b = 3*a + 1, 6 = -4*a + 2*b. Let x be o(a). Calculate the greatest common factor of c and x.
16
Suppose 17 = -3*z + 137. Suppose -q - 2 = -2*t - 10, -4*q = t - 32. What is the highest common factor of q and z?
8
Suppose 0 = -3*m - 21 + 18. Suppose -n - i = 3*n - 7, 4*i - 6 = -5*n. Let p be m/n - (-82)/4. What is the greatest common factor of 5 and p?
5
Let y = 18 - 14. Calculate the greatest common divisor of 1 and y.
1
Suppose -11 = 3*k - 4*f - 59, -16 = -k - f. Let p = -4 + k. Suppose 0 = 2*u - 3*h - 30, 2*u - 41 = -2*h - 1. Calculate the greatest common factor of u and p.
6
Let z(p) = p**3 - 12*p**2 + 13*p + 5. Let j be z(11). Suppose j = -4*r + 83. Calculate the greatest common factor of 7 and r.
7
Let h be -6 - -10 - (1 - -2). Let u be (65/(-10))/(h/(-4)). Calculate the highest common divisor of u and 26.
26
Let c = -9 + 12. Suppose -4*d + c*d + 80 = 0. Calculate the highest common factor of 10 and d.
10
Suppose 55 = -2*d + 157. Calculate the greatest common divisor of d and 17.
17
Let y = -6 + 5. Let c be y/(-4) - 4/16. Suppose 4*r = -c*r + 396. Calculate the highest common divisor of r and 11.
11
Let k be -1*1 - (1 - 95). Suppose 9*i - 32*i + 713 = 0. Calculate the greatest common divisor of k and i.
31
Let v(p) be the second derivative of 3/4*p**4 + p + 1/20*p**5 + 0 - 3*p**2 + p**3. Let a be v(-8). What is the highest common divisor of 70 and a?
10
Let t be 44*((6 - 5) + 1/(-2)). Calculate the highest common factor of 242 and t.
22
Suppose -2*o = o + 3*x - 15, -o - 3*x = -7. Suppose 3*p - 2*p + 4*t - 128 = 0, 0 = o*p + t - 572. Calculate the highest common factor of 16 and p.
16
Let u = -1 - -41. Suppose -7*x = -3*x - u. Let d = 44 + 26. What is the highest common divisor of x and d?
10
Suppose -6 = -2*l - 0. Suppose -l*v = -20 - 4. Suppose 5*z - 45 - 195 = 0. Calculate the highest common factor of z and v.
8
Suppose 5*o + 7 = m - 0*o, 0 = -5*m - o + 61. Let z = -4 - 282. Let t be z/(-6) - (-2)/6. What is the greatest common factor of t and m?
12
Suppose 0*f + 16*f = 288. What is the highest common divisor of 126 and f?
18
Suppose -10 = -4*k + 2. Suppose -l - 42 = -k*w - 0*w, -w - 2*l = -7. Suppose 0 = 2*o + 6 - 32. What is the highest common divisor of w and o?
13
Suppose 25 = 2*w - 85. What is the greatest common divisor of 11 and w?
11
Suppose -78 = -3*n - 0. Let w be (n/8)/((-4)/(-80)). Calculate the highest common factor of 13 and w.
13
Let k(s) = s**2 - 53*s + 4 + 2*s**2 + 60*s. Let w be k(-4). Let x = 74 - 50. What is the greatest common divisor of x and w?
24
Suppose 4*a = 635 - 235. Suppose -3*g = 5*w - 38, -3 = 3*g - 6*g. Suppose -100 = -w*d + 2*d. What is the greatest common divisor of a and d?
20
Let o = 6 - 6. Let i(m) = m**3 + 2*m**2 + m + 27. Let h be i(o). Calculate the highest common divisor of 216 and h.
27
Suppose 2*i = 122 - 36. Let z = i + 7. What is the greatest common divisor of 25 and z?
25
Suppose 9 - 24 = -3*j. What is the greatest common factor of j and 25?
5
Let r be ((-36)/(-12))/(6/10). Calculate the greatest common divisor of 5 and r.
5
Let t be ((-18)/(-21))/(2/14). Suppose -29 = -3*s + 25. What is the greatest common divisor of s and t?
6
Suppose -351 - 783 = -9*b. Calculate the highest common divisor of b and 18.
18
Let y = -2 + 5. Suppose -y = k, -2*k = -2*h - 6*k + 24. What is the greatest common factor of h and 27?
9
Let d(o) = o + 9. Let w be d(0). Suppose 4*x + 10 = 74. Suppose -9 = -3*q + 2*l, 4*l - 4 = -x. Calculate the greatest common divisor of w and q.
1
Let r(a) = a + 29. Let g be r(-14). What is the greatest common divisor of g and 10?
5
Suppose -2*a + 3 = 1. Let f = -6 - -11. What is the greatest common factor of a and f?
1
Suppose 30 = 5*f - 0*f. Suppose -f + 33 = 3*x. Let m(o) = 37*o**2 - 2*o + 1. Let q be m(1). What is the highest common divisor of q and x?
9
Suppose -3*v + 1 = -2*v. Suppose -4*f + 35 = -g, 4*f - 4*g - 41 = -9*g. What is the greatest common factor of v and f?
1
Suppose -151 - 514 = -5*w. Let k = 492 - w. Suppose -4*c + 1 + k = 0. What is the greatest common divisor of 10 and c?
10
Let z = -2 + -1. Let h be ((-320)/(-12))/(z/(-9)). Calculate the greatest common factor of 10 and h.
10
Suppose -4*s + 88 = 28. Suppose -24*a + 45 = -23*a. What is the highest common divisor of a and s?
15
Suppose 0 = b + 4*v - 2 + 10, 3*b - v - 41 = 0. Let n be (0 - -2 - 3) + 97. Calculate the highest common factor of b and n.
12
Let v = 74 - 56. What is the highest common factor of v and 36?
18
Suppose 3*m - 6*m = -117. Calculate the greatest common factor of 26 and m.
13
Let b(m) be the first derivative of m**3/3 + 2*m**2 - 3*m + 3. Let h be b(-6). Calculate the highest common divisor of h and 6.
3
Suppose 2*f + 8 = 0, -f = 2*b - 5*f - 104. Suppose 9*x = 4*x + 550. Calculate the greatest common divisor of x and b.
22
Suppose -2*p = 2*p - 44. Calculate the highest common factor of 121 and p.
11
Let h(d) = -d**2 - 4*d + 1. Let q be h(-3). Suppose z - q = -0. What is the greatest common factor of 6 and z?
2
Let m = 60 - 41. What is the highest common divisor of m and 190?
19
Let r(o) = -o + 1. Let m be r(-3). Let i(j) = 4*j - j + m*j + 2. Let g be i(4). Calculate the greatest common factor of 20 and g.
10
Let n be -4*(2 + -17 + -4). Calculate the highest common divisor of n and 19.
19
Let d be 5/2*(-126)/(-35). Suppose 11*l = 8*l + 54. What is the greatest common divisor of l and d?
9
Let n(h) = 10*h - 22. Let d be n(8). What is the highest common divisor of 145 and d?
29
Let q(r) = r**2 + 2*r + 18. Let l be q(9). Calculate the greatest common factor of 39 and l.
39
Let j be 5*(3 - 2/1). Suppose -2*h = 4, -2*n - j*h + 62 = 2*n. What is the highest common divisor of 45 and n?
9
Let b = 25 - 14. Suppose w + 121 = 2*w. What is the highest common divisor of w and b?
11
Suppose -89 = p - 130. Calculate the greatest common factor of p and 328.
41
Let t(y) = -y**2 - 7*y - 3. Let m be t(-6). Suppose m*n - 2*n - 2 = 0. Suppose 0 = -2*d - n*d + 200. What is the greatest common divisor of d and 10?
10
Suppose 9 = -g + 4*o, -2*o = -2*g - 4*o + 32. Suppose -8*h + 55 = -3*h. What is the greatest common factor of g and h?
11
Suppose -b = 4 - 19. Calculate the greatest common divisor of 10 and b.
5
Suppose -2*a = -0*a. Suppose 0 = 4*s, 50 = 5*q - a*q + 5*s. Calculate the highest common divisor of 4 and q.
2
Suppose 0 = -2*n - 6. Let g be n/((-1)/((-40)/(-6))). Calculate the highest common factor of g and 140.
20
Suppose -33 + 1 = -2*t. Calculate the highest common factor of 64 and t.
16
Suppose -v - 33 = -2*a, 3*a + 0*v - 52 = 4*v. What is the highest common divisor of 16 and a?
16
Let v be 2 - -6 - (2 - 6). Let k = v + 4. Calculate the highest common factor of k and 24.
8
Suppose 4*q = -3*w + 30 - 5, 5*q - 5 = 0. Let l be 0 - -2 - (0 - 1). Let a = w - l. What is the highest common divisor of a and 32?
4
Let s be 2/9 + 2/(-9). Let u(g) = g + 30. Let b be u(s). Let o(y) = -10*y. Let p be o(-2). Calculate the greatest common divisor of p and b.
10
Let y = -10 + 24. Let n(k) = -17*k**3 + 4*k**2 - 3*k + 1. Let i be n(2). Let d = i + 195. What is the greatest common divisor of y and d?
14
Let u(b) be the first derivative of -5*b**4/4 - 4*b**3/3 - 3*b**2/2 - 2. Let x be u(-2). Let q = -8 + 28. What is the highest common divisor of q and x?
10
Suppose -6*z = z - 35. Let w be (3/2)/(6/8). Suppose -5 = -w*l + z*j + 5, 3*j = 12. Calculate the greatest common factor of 15 and l.
15
Let a = 7 + -2. Let f be (-3)/(-3) + -1*4. Let w be -2 + 2/2 - f. Calculate the greatest common divisor of w and a.
1
Suppose -3*z + 3*c + 90 = 0, 2*c = -2*z + 14 + 46. Calculate the greatest common divisor of z and 20.
10
Let z = 8 + -6. Suppose 0 = 4*m, -z*w + 104 + 26 = m. What is the greatest common divisor of 26 and w?
13
Let g(i) = -i**2 - 6*i + 3. Let f be g(-3). What is the greatest common factor of 96 and f?
12
Let w(m) = m**3 + 4*m**2 - 2*m - 4. Let v be w(-4). Let i(u) = -u**2 + 2. Let a be i(0). Calculate the greatest common divisor of a and v.
2
Suppose -n + 3*a - 20 = -3*n, -4*n + 4*a = 0. Let k be (-9)/n*(-320)/15. Let q(j) = j**2 + 32. Let t be q(0). Calculate the highest common factor of k and t.
16
Let l(g) = -5*g + 1. Let r be l(-1). Let f(u) = -u +